) = -q**3 + 28*q**2 - 61*q - 93. Give s(26).
-327
Let s(l) = l**3 + 84*l**2 - 165*l + 356. What is s(-86)?
-246
Let l(v) = v**3 - 110*v**2 + 821*v - 487. What is l(102)?
23
Let r(w) = w + 64. Give r(-11).
53
Let u(k) = 27*k - 256. Calculate u(7).
-67
Let r(b) = 11*b + 160. Determine r(-15).
-5
Let p(c) = 8*c + 220. Give p(-27).
4
Let q(v) = -10*v - 50. Give q(3).
-80
Let o(b) = -b**2 - 38*b + 224. What is o(-43)?
9
Let g(m) = m**3 + 3*m**2 - 56*m + 143. Determine g(8).
399
Let a(u) = 3*u**2 - 104*u - 220. What is a(-2)?
0
Let b(w) = w**3 - 11*w**2 + 23*w - 6. Give b(2).
4
Let k(c) = 118*c + 889. What is k(-8)?
-55
Let o(v) = -9*v**3 + 13. What is o(-3)?
256
Let m(n) = n**3 - 3*n**2 - 9*n - 39. Determine m(6).
15
Let b(j) = -8*j - 557. What is b(7)?
-613
Let o(l) = -31*l + 355. Calculate o(13).
-48
Let v(g) = 3*g**3 - 8*g**2 + 14*g + 4. Calculate v(4).
124
Let a(x) = 26*x**2 + 2*x - 114. Calculate a(2).
-6
Let z(c) = -25*c - 3. Determine z(-10).
247
Let w(o) = -3*o**2 - 21*o + 7. Give w(13).
-773
Let n(y) = y**3 - 4*y**2 + 75*y - 289. Determine n(4).
11
Let j(g) = 28*g + 105. Give j(-7).
-91
Let i(v) = -2*v**2 + 17*v - 4. What is i(6)?
26
Let w(x) = 5724*x - 28617. Calculate w(5).
3
Let u(t) = t**3 + 51*t**2 - 830*t + 118. Give u(-64).
-10
Let r(c) = c**2 + 19*c - 58. Determine r(-7).
-142
Let m(n) = -39*n - 2141. Determine m(-55).
4
Let p(s) = 7*s**2 - 14*s + 18. Calculate p(4).
74
Let a(f) = 260*f - 13076. Determine a(50).
-76
Let h(c) = 3*c + 16. Determine h(28).
100
Let s(v) = 42*v - 1114. Determine s(27).
20
Let j(h) = 2*h**3 + 7*h - 8. What is j(2)?
22
Let b(w) = -3*w**3 + w**2 + 17*w - 19. Give b(1).
-4
Let t(v) = -6*v - 30. Calculate t(6).
-66
Let q(k) = -k**3 + 6*k**2 + 10*k + 10. Calculate q(10).
-290
Let y(q) = -4*q**2 - 297*q - 1602. Determine y(-68).
98
Let p(d) = 3*d**2 - 480*d - 1011. Determine p(162).
-39
Let d(c) = -8*c**2 - 191*c + 2026. Determine d(8).
-14
Let c(j) = 2*j**2 + 21*j + 41. What is c(-8)?
1
Let x(d) = -47*d - 1561. Calculate x(-28).
-245
Let b(v) = 108*v - 1192. Give b(11).
-4
Let v(k) = k**3 + 15*k**2 + 18*k - 94. Give v(-13).
10
Let b(h) = h**3 - 16*h**2 + 18*h + 44. What is b(11)?
-363
Let a(x) = 30*x + 8. Give a(1).
38
Let q(o) = 3*o**2 + 80*o - 666. Give q(7).
41
Let k(n) = -14*n - 426. Calculate k(-32).
22
Let g(u) = 2*u**2 - 15*u - 93. Give g(-6).
69
Let z(t) = -5*t - 7. What is z(-5)?
18
Let j(p) = -p**3 + 40*p**2 - 108*p - 82. Give j(37).
29
Let v(u) = -32*u**2 - 187*u - 377. Give v(-2).
-131
Let n(y) = -2*y**3 + 253*y**2 - 130*y + 502. Determine n(126).
-2
Let d(s) = 4*s**2 - 78*s - 30. Determine d(17).
-200
Let d(g) = 218*g - 42726. Calculate d(196).
2
Let w(d) = -d**3 - 3*d**2 + 39*d - 53. Give w(4).
-9
Let h(t) = t**3 - 54*t**2 - 136*t + 1343. Determine h(56).
-1
Let s(b) = b**3 - 9*b**2 - 14*b + 46. Calculate s(10).
6
Let o(l) = -73*l - 4521. Calculate o(-62).
5
Let o(b) = -2*b**3 + 52*b**2 - 315*b - 86. What is o(16)?
-6
Let c(v) = -125*v**2 - 93*v - 187. Give c(-2).
-501
Let l(g) = g**3 - 8*g**2 - 23*g + 39. What is l(10)?
9
Let p(n) = n**3 + 9*n**2 - 7*n + 14. Calculate p(-10).
-16
Let j(l) = l**3 - 8*l**2 - 13*l + 6. Give j(10).
76
Let g(t) = -5*t**3 + 18*t**2 + 4*t + 17. What is g(4)?
1
Let z(j) = 65*j - 269. Give z(6).
121
Let z(v) = -2*v**3 - 15*v**2 + 13*v - 32. Give z(-8).
-72
Let w(r) = -654*r + 3259. Calculate w(5).
-11
Let p(y) = -21*y**3 + 6*y**2 - 114*y - 119. Calculate p(-1).
22
Let h(n) = n**3 - 13*n**2 - 9*n - 5. Give h(14).
65
Let v(m) = -14*m**3 - m**2 - 2*m + 4. Calculate v(2).
-116
Let v(a) = 4*a**3 + 29*a**2 + 18*a + 74. What is v(-7)?
-3
Let j(f) = -f**2 + 35*f - 182. Calculate j(27).
34
Let z(f) = -3*f**3 + 109*f**2 - 25*f + 140. Give z(36).
536
Let d(v) = -v**3 + 9*v**2 - 15*v + 176. What is d(9)?
41
Let l(o) = 105*o**2 + 6*o - 5. Calculate l(1).
106
Let n(c) = -14*c**2 - 459*c + 77. Determine n(-33).
-22
Let c(t) = -25*t**3 - 576*t**2 - 37*t - 320. Give c(-23).
2
Let q(r) = -r**3 + 8*r**2 + 132*r + 44. Calculate q(-8).
12
Let q(a) = -a**3 - 37*a**2 + 166*a + 80. What is q(-41)?
-2
Let b(c) = 492*c + 11302. Determine b(-23).
-14
Let o(b) = -13*b - 278. Calculate o(-33).
151
Let u(q) = 1688*q - 20263. What is u(12)?
-7
Let i(z) = z**3 - 13*z**2 + 17*z + 33. Calculate i(11).
-22
Let y(s) = -2*s**3 + 2*s**2 + 17*s + 17. What is y(-3)?
38
Let d(r) = 248*r + 485. Calculate d(-2).
-11
Let v(i) = i**3 - 11*i**2 + 23*i - 59. Calculate v(9).
-14
Let c(s) = -2379*s + 59507. Calculate c(25).
32
Let c(p) = p**2 + 53*p + 275. What is c(-45)?
-85
Let q(t) = -31*t - 1388. Calculate q(-45).
7
Let q(z) = 36*z**2 + 64*z + 61. Calculate q(-1).
33
Let t(m) = -3*m**2 - 437*m - 15584. Give t(-83).
20
Let g(u) = 2329*u - 16328. Determine g(7).
-25
Let t(u) = 289*u - 3752. Determine t(13).
5
Let z(a) = a**2 - 109*a + 2252. Calculate z(27).
38
Let h(m) = m**3 + 27*m**2 - 68*m - 291. Calculate h(-29).
-1
Let n(x) = 33*x + 49. Calculate n(-6).
-149
Let p(w) = 438*w + 3913. Give p(-9).
-29
Let l(s) = -s**3 - 9*s**2 + 203*s + 1272. What is l(-6)?
-54
Let x(l) = -l**3 - 26*l**2 - 37*l - 1032. What is x(-26)?
-70
Let j(s) = -s**3 - 9*s**2 + 12*s - 12. Calculate j(-11).
98
Let r(q) = 15*q - 1286. Calculate r(60).
-386
Let a(w) = -w**3 + 9*w**2 + 47*w + 26. What is a(13)?
-39
Let z(p) = p**2 - 21*p + 91. Give z(17).
23
Let u(y) = 35*y**2 + 161*y - 85. Determine u(-5).
-15
Let u(w) = 28*w + 22. Calculate u(6).
190
Let h(f) = f**3 + 7*f**2 - 13*f - 93. Determine h(-7).
-2
Let v(b) = -b**2 - 39*b - 235. Calculate v(-7).
-11
Let p(r) = 86*r + 933. What is p(-11)?
-13
Let h(c) = -41*c**2 - 1251*c + 628. Calculate h(-31).
8
Let v(t) = 1400*t - 5604. Calculate v(4).
-4
Let t(b) = -11*b**2 - 3*b - 5. Determine t(-2).
-43
Let a(o) = -2*o**3 + 18*o**2 + 4*o - 35. Determine a(9).
1
Let r(n) = -n**3 - 7*n**2 - 1. Calculate r(-8).
63
Let l(a) = 36*a**3 - a**2 + 5*a - 4. Give l(1).
36
Let u(f) = -f**3 + 22*f**2 - 80*f + 1251. What is u(21)?
12
Let f(z) = -2*z**3 - 9*z**2 + 10*z - 33. Determine f(-6).
15
Let j(w) = -307*w + 4631. Give j(15).
26
Let d(j) = 35*j**2 - 35*j - 75. Calculate d(2).
-5
Let d(r) = r**2 + 80*r - 114. Give d(-65).
-1089
Let j(z) = 18295*z - 292722. What is j(16)?
-2
Let b(d) = d**2 - 11*d - 55. Give b(-3).
-13
Let h(b) = -b**3 - b**2 - 844*b + 1. Determine h(0).
1
Let w(k) = -k**3 - 12*k**2 + 7*k + 106. Determine w(-11).
-92
Let f(v) = -v**3 - v**2 + 11*v - 4. Determine f(3).
-7
Let j(v) = v**3 - 21*v**2 - 11*v + 128. What is j(20)?
-492
Let q(t) = 3*t**2 - 306*t - 921. Calculate q(105).
24
Let u(n) = 2*n**3 - 178*n**2 - 179*n - 89. What is u(90)?
1
Let z(c) = c**3 - 10*c**2 + 19*c - 32. Determine z(9).
58
Let t(b) = b**3 + 10*b**2 + 27*b + 66. Give t(-8).
-22
Let i(p) = -2*p**2 - 11*p + 108. Give i(5).
3
Let b(n) = -n**3 - 11*n**2 + 57*n + 525. Determine b(-12).
-15
Let j(k) = 33*k**3 + 133*k**2 + 3*k + 2. Determine j(-4).
6
Let s(w) = -5*w**3 - 4*w**2 - 9*w - 6. What is s(-3)?
120
Let k(q) = -q**2 - 125*q - 1139. Give k(-115).
11
Let t(y) = -692*y**2 + 674*y. Give t(1).
-18
Let d(z) = -179*z + 16301. What is d(91)?
12
Let y(b) = 116*b - 69. Calculate y(3).
279
Let z(n) = -3*n**3 - 16*n**2 - 13*n + 13. Determine z(-6).
163
Let k(c) = -2*c**2 - 53*c - 7. What is k(0)?
-7
Let p(y) = 5*y**2 + 84*y + 134. Give p(-15).
-1
Let n(i) = -146*i - 67. What is n(0)?
-67
Let y(d) = -4*d**2 + 123*d + 150. Calculate y(32).
-10
Let y(d) = -d**2 - 24*d - 218. What is y(-10)?
-78
Let w(a) = a**3 - 63*a**2 - 189*a - 600. Give w(66).
-6
Let s(z) = -3419*z - 68386. Calculate s(-20).
-6
Let x(m) = 6*m**2 + 118*m + 637. What is x(-14)?
161
Let o(n) = 75*n + 2604. Calculate o(-33).
129
Let v(r) = -r**2 + 21*r - 101. Determine v(15).
-11
Let j(x) = -3*x**3 + 125*x**2 + 37*x + 125. Determine j(42).
-85
Let g(p) = -15*p**2 + 16*p - 23. Calculate g(5).
-318
Let k(w) = -w**3 + 61*w**2 + 50*w + 781. What is k(62)?
37
Let j(t) = -t**3 - 26*t - 52. Calculate j(-2).
8
Let u(m) = -13*m**3 - 3*m**2 + 4*m + 1. Calculate u(1).
-11
Let i(o) = 28*o**2 - 44*o + 9. What is i(4)?
281
Let z(b) = -6*b + 345. Calculate z(10).
285
Let p(d) = -14*d**2 - 35*d + 90. Give p(-4).
6
Let h(a) = 3*a**3 - 22*a**2 - 43*a - 19. Give h(9).
-1
Let d(p) = -4*p**2 - 471*p - 3100. Give d(-7).
1
Let u(w) = w**3 - 10*w**2 - 29*w + 62. What is u(12)?
2
Let 